{"id":38,"date":"2024-05-03T11:45:34","date_gmt":"2024-05-03T09:45:34","guid":{"rendered":"https:\/\/brinsdartistes.fr\/?page_id=38"},"modified":"2026-03-12T09:28:43","modified_gmt":"2026-03-12T08:28:43","slug":"cours-enfants-et-ados","status":"publish","type":"page","link":"https:\/\/brinsdartistes.fr\/index.php\/cours-enfants-et-ados\/","title":{"rendered":"Cours enfants et ados"},"content":{"rendered":"\n<div class=\"wp-block-uagb-container uagb-block-8e8d8879 alignfull uagb-is-root-container\"><div class=\"uagb-container-inner-blocks-wrap\">\n<p>Brins d&rsquo;artistes propose des ateliers toutes techniques pour les <a href=\"https:\/\/brinsdartistes.fr\/index.php\/cours-enfants-et-ados#petits\">petits<\/a> \u00e0 partir de 6 ans, les <a href=\"https:\/\/brinsdartistes.fr\/index.php\/cours-enfants-et-ados#enfants\">enfants<\/a> et les <a href=\"https:\/\/brinsdartistes.fr\/index.php\/cours-enfants-et-ados#ados\">ados<\/a>, ainsi que des <a href=\"https:\/\/brinsdartistes.fr\/index.php\/cours-enfants-et-ados#bd-manga\">ateliers BD\/manga<\/a> pour les 7-10 ans. Les cours sont organis\u00e9s autour de th\u00e8mes, parfois plut\u00f4t techniques, parfois plus cr\u00e9atifs, et adapt\u00e9s \u00e0 l&rsquo;\u00e2ge des participants. <\/p>\n<\/div><\/div>\n\n\n\n<div class=\"wp-block-uagb-container uagb-block-75915277 alignfull uagb-is-root-container\"><div class=\"uagb-container-inner-blocks-wrap\">\n<h3 class=\"wp-block-heading has-text-align-center\" id=\"petits\">Les cours pour les petits<\/h3>\n\n\n\n<figure class=\"wp-block-image size-full\"><img loading=\"lazy\" decoding=\"async\" width=\"1000\" height=\"450\" src=\"https:\/\/brinsdartistes.fr\/wp-content\/uploads\/2024\/05\/image-petits-cameleon.jpg\" alt=\"\" class=\"wp-image-253\" srcset=\"https:\/\/brinsdartistes.fr\/wp-content\/uploads\/2024\/05\/image-petits-cameleon.jpg 1000w, https:\/\/brinsdartistes.fr\/wp-content\/uploads\/2024\/05\/image-petits-cameleon-300x135.jpg 300w, https:\/\/brinsdartistes.fr\/wp-content\/uploads\/2024\/05\/image-petits-cameleon-768x346.jpg 768w\" sizes=\"auto, (max-width: 1000px) 100vw, 1000px\" \/><\/figure>\n\n\n\n<p>Sur des th\u00e8mes le plus souvent impos\u00e9s mais adapt\u00e9s \u00e0 leur univers (les animaux, les personnages&#8230;), ces cours permettent aux enfants \u00e0 partir de 6 ans d&rsquo;apprendre \u00e0 utiliser diff\u00e9rents types de mat\u00e9riels : pastels secs ou gras, encres de couleur, gouache&#8230; Ils peuvent ainsi progressivement d\u00e9velopper la maitrise de leurs gestes, que ce soit avec un crayon ou avec un pinceau tout en donnant libre cours \u00e0 leur cr\u00e9ativit\u00e9.<\/p>\n<p>Pour les plus jeunes enfants, qui ont encore du mal \u00e0 mettre des mots sur leurs \u00e9motions, le dessin et la peinture constituent un tr\u00e8s bon moyen d&rsquo;exprimer leurs sentiments. Dessiner les aide \u00e0 transmettre leurs \u00e9motions et \u00e0 prendre conscience de leurs capacit\u00e9s d&rsquo;expression. Par la concentration que demande la pratique du dessin dans un cours, c&rsquo;est \u00e9galement une activit\u00e9 b\u00e9n\u00e9fique pour les enfants agit\u00e9s ou qui ont du mal \u00e0 se concentrer.<\/p>\n<p><em>Ces cours sont propos\u00e9s<\/em><\/p>\n<ul>\n<li><em>\u00e0 Brindas le mardi de 17h30 \u00e0 18h45 (cours 6-10 ans).<\/em><\/li>\n<li><em>\u00e0 Brindas avec la MJC le lundi de 17h30 \u00e0 18h45 (cours BD\/manga 7-14 ans).<\/em><\/li>\n<\/ul>\n\n\n\n<div class=\"wp-block-uagb-buttons uagb-buttons__outer-wrap uagb-btn__small-btn uagb-btn-tablet__default-btn uagb-btn-mobile__default-btn uagb-block-18b893ed\"><div class=\"uagb-buttons__wrap uagb-buttons-layout-wrap \">\n<div class=\"wp-block-uagb-buttons-child uagb-buttons__outer-wrap uagb-block-0914a2f5 wp-block-button\"><div class=\"uagb-button__wrapper\"><a class=\"uagb-buttons-repeater wp-block-button__link\" aria-label=\"\" href=\"https:\/\/brinsdartistes.fr\/index.php\/cours-enfants-et-ados\/la-galerie-des-petits\/\" rel=\"follow noopener\" target=\"_blank\" role=\"button\"><div class=\"uagb-button__link\">La galerie des petits<\/div><\/a><\/div><\/div>\n<\/div><\/div>\n\n\n\n<div class=\"wp-block-uagb-buttons uagb-buttons__outer-wrap uagb-btn__small-btn uagb-btn-tablet__default-btn uagb-btn-mobile__default-btn uagb-block-f834afa6\"><div class=\"uagb-buttons__wrap uagb-buttons-layout-wrap \">\n<div class=\"wp-block-uagb-buttons-child uagb-buttons__outer-wrap uagb-block-c9a227f5 wp-block-button\"><div class=\"uagb-button__wrapper\"><a class=\"uagb-buttons-repeater wp-block-button__link\" aria-label=\"\" href=\"https:\/\/brinsdartistes.fr\/index.php\/horaires-et-tarifs\/\" rel=\"follow noopener\" target=\"_blank\" role=\"button\"><div class=\"uagb-button__link\">Horaires et tarifs des cours<\/div><\/a><\/div><\/div>\n<\/div><\/div>\n<\/div><\/div>\n\n\n\n<div style=\"height:20px\" aria-hidden=\"true\" class=\"wp-block-spacer\"><\/div>\n\n\n\n<div class=\"wp-block-uagb-container uagb-block-49e5d8bd alignfull uagb-is-root-container\"><div class=\"uagb-container-inner-blocks-wrap\">\n<h3 class=\"wp-block-heading has-text-align-center\" id=\"enfants\">Les cours pour les enfants<\/h3>\n\n\n\n<figure class=\"wp-block-image size-full\"><img loading=\"lazy\" decoding=\"async\" width=\"999\" height=\"450\" src=\"https:\/\/brinsdartistes.fr\/wp-content\/uploads\/2024\/05\/image-enfants-oiseaux.jpg\" alt=\"\" class=\"wp-image-256\" srcset=\"https:\/\/brinsdartistes.fr\/wp-content\/uploads\/2024\/05\/image-enfants-oiseaux.jpg 999w, https:\/\/brinsdartistes.fr\/wp-content\/uploads\/2024\/05\/image-enfants-oiseaux-300x135.jpg 300w, https:\/\/brinsdartistes.fr\/wp-content\/uploads\/2024\/05\/image-enfants-oiseaux-768x346.jpg 768w\" sizes=\"auto, (max-width: 999px) 100vw, 999px\" \/><\/figure>\n\n\n\n<p>Ces cours permettent aux enfants qui aiment dessiner de se perfectionner en apprenant les techniques de base du dessin sur des th\u00e8mes vari\u00e9s : personnages, paysages, animaux&#8230; Ceux qui le souhaitent peuvent \u00e9galement aborder des sujets plus sp\u00e9cifiques comme le portrait, l&rsquo;aquarelle, le dessin de manga ou la r\u00e9alisation de bandes dessin\u00e9es. Les th\u00e8mes sont propos\u00e9s \u00e0 chaque cours, mais les enfants peuvent \u00e9galement travailler sur des dessins personnels quand ils le souhaitent.<\/p>\n<p>A un \u00e2ge o\u00f9 ils commencent \u00e0 se confronter au monde et \u00e0 se comparer aux autres, l&rsquo;acquisition de techniques en dessin aide les enfants \u00e0 trouver une voie dans laquelle ils se diff\u00e9rencient et leur apporte des connaissances qui les aident \u00e0 prendre confiance en eux, en leurs capacit\u00e9s de cr\u00e9ation et de r\u00e9alisation de projets. Cette pratique peut les amener \u00e0 \u00eatre plus s\u00fbrs d&rsquo;eux dans leurs rapports avec les autres.<\/p>\n<p><em>Ces cours sont propos\u00e9s<\/em><\/p>\n<ul>\n<li><em>\u00e0 Messimy le mercredi de 15h15 \u00e0 16h45 (cours 9-12 ans)<\/em><\/li>\n<li><em>\u00e0 Brindas le mardi de 17h30 \u00e0 18h45 (cours 6-10 ans ) ou mercredi de 17h30 \u00e0 19h (\u00e0 partir de 11 ans).<\/em><\/li>\n<li><em>\u00e0 Brindas avec la MJC le lundi de 17h30 \u00e0 18h45 (cours BD\/manga 7-14 ans).<\/em><\/li>\n<\/ul>\n\n\n\n<div class=\"wp-block-uagb-buttons uagb-buttons__outer-wrap uagb-btn__small-btn uagb-btn-tablet__default-btn uagb-btn-mobile__default-btn uagb-block-7e3501ac\"><div class=\"uagb-buttons__wrap uagb-buttons-layout-wrap \">\n<div class=\"wp-block-uagb-buttons-child uagb-buttons__outer-wrap uagb-block-a8926685 wp-block-button\"><div class=\"uagb-button__wrapper\"><a class=\"uagb-buttons-repeater wp-block-button__link\" aria-label=\"\" href=\"https:\/\/brinsdartistes.fr\/index.php\/cours-enfants-et-ados\/la-galerie-des-enfants\/\" rel=\"follow noopener\" target=\"_blank\" role=\"button\"><div class=\"uagb-button__link\">La galerie des enfants<\/div><\/a><\/div><\/div>\n<\/div><\/div>\n\n\n\n<div class=\"wp-block-uagb-buttons uagb-buttons__outer-wrap uagb-btn__small-btn uagb-btn-tablet__default-btn uagb-btn-mobile__default-btn uagb-block-f100d4c3\"><div class=\"uagb-buttons__wrap uagb-buttons-layout-wrap \">\n<div class=\"wp-block-uagb-buttons-child uagb-buttons__outer-wrap uagb-block-afe467e1 wp-block-button\"><div class=\"uagb-button__wrapper\"><a class=\"uagb-buttons-repeater wp-block-button__link\" aria-label=\"\" href=\"https:\/\/brinsdartistes.fr\/index.php\/horaires-et-tarifs\/\" rel=\"follow noopener\" target=\"_self\" role=\"button\"><div class=\"uagb-button__link\">Horaires et tarifs des cours<\/div><\/a><\/div><\/div>\n<\/div><\/div>\n<\/div><\/div>\n\n\n\n<div style=\"height:20px\" aria-hidden=\"true\" class=\"wp-block-spacer\"><\/div>\n\n\n\n<div class=\"wp-block-uagb-container uagb-block-2a7429cf alignfull uagb-is-root-container\"><div class=\"uagb-container-inner-blocks-wrap\">\n<h3 class=\"wp-block-heading has-text-align-center\" id=\"ados\">Les cours pour les ados (+ 11 ans)<\/h3>\n\n\n\n<figure class=\"wp-block-image size-full\"><img loading=\"lazy\" decoding=\"async\" width=\"997\" height=\"450\" src=\"https:\/\/brinsdartistes.fr\/wp-content\/uploads\/2024\/05\/image-ados-manga.jpg\" alt=\"\" class=\"wp-image-257\" srcset=\"https:\/\/brinsdartistes.fr\/wp-content\/uploads\/2024\/05\/image-ados-manga.jpg 997w, https:\/\/brinsdartistes.fr\/wp-content\/uploads\/2024\/05\/image-ados-manga-300x135.jpg 300w, https:\/\/brinsdartistes.fr\/wp-content\/uploads\/2024\/05\/image-ados-manga-768x347.jpg 768w\" sizes=\"auto, (max-width: 997px) 100vw, 997px\" \/><\/figure>\n\n\n\n<p>Ces cours permettent une approche plus compl\u00e8te du dessin et de la peinture : apprentissage de diff\u00e9rentes techniques (fusain, pastel, aquarelle, encres&#8230;) et acquisition de bases solides en dessin. Une plus grande libert\u00e9 est laiss\u00e9e aux \u00e9l\u00e8ves dans le choix de leurs techniques et de leurs sujets, afin de les guider dans la r\u00e9alisation de leurs projets personnels (BD, portrait, illustration&#8230;).<\/p>\n<p>Les \u00e9l\u00e8ves qui le souhaitent peuvent \u00e9galement travailler pour la constitution d&rsquo;un dossier en vue de l&rsquo;admission dans une \u00e9cole d&rsquo;art. Les ados \u00e0 partir de 14 ans ont \u00e9galement la possibilit\u00e9 de rejoindre un atelier adultes\/ados (vendredi soir \u00e0 Messimy ou samedi matin \u00e0 Brindas).<\/p>\n<p><em>Ces cours sont propos\u00e9s<\/em><\/p>\n<ul>\n<li><em>\u00e0 Messimy le vendredi de 17h30 \u00e0 19h (\u00e0 partir de 12 ans).<\/em><\/li>\n<li><em>\u00e0 Brindas le mercredi de 17h30 \u00e0 19h (\u00e0 partir de 11 ans).<\/em><\/li>\n<li><em>\u00e0 Brindas avec la MJC le lundi de 17h30 \u00e0 18h45 (cours BD\/manga 7-14 ans) ou le lundi de 19h \u00e0 20h15 (cours BD\/illustration \u00e0 partir de 14 ans).<\/em><\/li>\n<\/ul>\n\n\n\n<div class=\"wp-block-uagb-buttons uagb-buttons__outer-wrap uagb-btn__small-btn uagb-btn-tablet__default-btn uagb-btn-mobile__default-btn uagb-block-8dcad2c5\"><div class=\"uagb-buttons__wrap uagb-buttons-layout-wrap \">\n<div class=\"wp-block-uagb-buttons-child uagb-buttons__outer-wrap uagb-block-9d207cb1 wp-block-button\"><div class=\"uagb-button__wrapper\"><a class=\"uagb-buttons-repeater wp-block-button__link\" aria-label=\"\" href=\"https:\/\/brinsdartistes.fr\/index.php\/cours-enfants-et-ados\/la-galerie-des-ados\/\" rel=\"follow noopener\" target=\"_blank\" role=\"button\"><div class=\"uagb-button__link\">La galerie des ados<\/div><\/a><\/div><\/div>\n<\/div><\/div>\n\n\n\n<div class=\"wp-block-uagb-buttons uagb-buttons__outer-wrap uagb-btn__small-btn uagb-btn-tablet__default-btn uagb-btn-mobile__default-btn uagb-block-56ee0730\"><div class=\"uagb-buttons__wrap uagb-buttons-layout-wrap \">\n<div class=\"wp-block-uagb-buttons-child uagb-buttons__outer-wrap uagb-block-a5dddc37 wp-block-button\"><div class=\"uagb-button__wrapper\"><a class=\"uagb-buttons-repeater wp-block-button__link\" aria-label=\"\" href=\"https:\/\/brinsdartistes.fr\/index.php\/horaires-et-tarifs\/\" rel=\"follow noopener\" target=\"_self\" role=\"button\"><div class=\"uagb-button__link\">Horaires et tarifs des cours<\/div><\/a><\/div><\/div>\n<\/div><\/div>\n<\/div><\/div>\n\n\n\n<div style=\"height:20px\" aria-hidden=\"true\" class=\"wp-block-spacer\"><\/div>\n\n\n\n<div class=\"wp-block-uagb-container uagb-block-874ecccf alignfull uagb-is-root-container\"><div class=\"uagb-container-inner-blocks-wrap\">\n<h3 class=\"wp-block-heading has-text-align-center\" id=\"bd-manga\">L&rsquo;atelier BD\/manga (7-14 ans)<\/h3>\n\n\n\n<figure class=\"wp-block-image size-full\"><img loading=\"lazy\" decoding=\"async\" width=\"999\" height=\"500\" src=\"https:\/\/brinsdartistes.fr\/wp-content\/uploads\/2025\/05\/image-page-bd-manga.jpg\" alt=\"\" class=\"wp-image-1310\" srcset=\"https:\/\/brinsdartistes.fr\/wp-content\/uploads\/2025\/05\/image-page-bd-manga.jpg 999w, https:\/\/brinsdartistes.fr\/wp-content\/uploads\/2025\/05\/image-page-bd-manga-300x150.jpg 300w, https:\/\/brinsdartistes.fr\/wp-content\/uploads\/2025\/05\/image-page-bd-manga-768x384.jpg 768w\" sizes=\"auto, (max-width: 999px) 100vw, 999px\" \/><\/figure>\n\n\n\n<p>Ouvert \u00e0 tous les amateurs de bande dessin\u00e9e et de manga \u00e0 partir de 7 ans, cet atelier permet de d\u00e9couvrir comment dessiner des personnages, des expressions et des d\u00e9cors en utilisant diff\u00e9rentes techniques (feutres, aquarelle, crayons de couleur&#8230;). Pour les plus grands, l&rsquo;accent est mis sur le dessin et sur la construction des images : comment raconter une histoire, mettre en valeur une action ou un personnage. Ceux qui le souhaitent peuvent \u00e9galement travailler sur un sc\u00e9nario et un story-board afin d&rsquo;aboutir \u00e0 la r\u00e9alisation d&rsquo;une ou plusieurs planches.\u00a0<\/p>\n<p>Cet atelier \u00e9tant ouvert aux petits (\u00e0 partir de 7 ans) comme aux ados, je m&rsquo;adapte \u00e0 l&rsquo;\u00e2ge des participants et \u00e0 leur niveau en dessin pour proposer des th\u00e8mes qui les aident \u00e0 progresser en douceur tout en prenant plaisir \u00e0 dessiner.<\/p>\n<p><em>Ces cours sont propos\u00e9s par la MJC de Brindas<\/em><em> le lundi de 17h30 \u00e0 18h45.<\/em><\/p>\n\n\n\n<div class=\"wp-block-uagb-buttons uagb-buttons__outer-wrap uagb-btn__small-btn uagb-btn-tablet__default-btn uagb-btn-mobile__default-btn uagb-block-ab1e6f55\"><div class=\"uagb-buttons__wrap uagb-buttons-layout-wrap \">\n<div class=\"wp-block-uagb-buttons-child uagb-buttons__outer-wrap uagb-block-e78bcb50 wp-block-button\"><div class=\"uagb-button__wrapper\"><a class=\"uagb-buttons-repeater wp-block-button__link\" aria-label=\"\" href=\"https:\/\/brinsdartistes.fr\/index.php\/atelier-bd-manga\/\" rel=\"follow noopener\" target=\"_blank\" role=\"button\"><div class=\"uagb-button__link\">La galerie BD\/manga<\/div><\/a><\/div><\/div>\n<\/div><\/div>\n\n\n\n<div class=\"wp-block-uagb-buttons uagb-buttons__outer-wrap uagb-btn__small-btn uagb-btn-tablet__default-btn uagb-btn-mobile__default-btn uagb-block-77c63102\"><div class=\"uagb-buttons__wrap uagb-buttons-layout-wrap \">\n<div class=\"wp-block-uagb-buttons-child uagb-buttons__outer-wrap uagb-block-46abc160 wp-block-button\"><div class=\"uagb-button__wrapper\"><a class=\"uagb-buttons-repeater wp-block-button__link\" aria-label=\"\" href=\"https:\/\/brinsdartistes.fr\/index.php\/horaires-et-tarifs\/\" rel=\"follow noopener\" target=\"_self\" role=\"button\"><div class=\"uagb-button__link\">Horaires et tarifs des cours<\/div><\/a><\/div><\/div>\n<\/div><\/div>\n<\/div><\/div>\n\n\n\n<div style=\"height:20px\" aria-hidden=\"true\" class=\"wp-block-spacer\"><\/div>\n\n\n\n<div class=\"wp-block-uagb-container uagb-block-863572f2 alignfull uagb-is-root-container\"><div class=\"uagb-container-inner-blocks-wrap\"><\/div><\/div>\n","protected":false},"excerpt":{"rendered":"<p>Brins d&rsquo;artistes propose des ateliers toutes techniques pour les petits \u00e0 partir de 6 ans, les enfants et les ados, ainsi que des ateliers BD\/manga pour les 7-10 ans. Les cours sont organis\u00e9s autour de th\u00e8mes, parfois plut\u00f4t techniques, parfois plus cr\u00e9atifs, et adapt\u00e9s \u00e0 l&rsquo;\u00e2ge des participants. Les cours pour les petits Sur des th\u00e8mes le plus souvent impos\u00e9s mais adapt\u00e9s \u00e0 leur univers (les animaux, les personnages&#8230;), ces cours permettent aux enfants \u00e0 partir de 6 ans d&rsquo;apprendre \u00e0 utiliser diff\u00e9rents types de mat\u00e9riels : pastels secs ou gras, encres de couleur, gouache&#8230; Ils peuvent ainsi progressivement d\u00e9velopper la maitrise de leurs gestes, que ce soit avec un crayon ou avec un pinceau tout en donnant libre cours \u00e0 leur cr\u00e9ativit\u00e9. Pour les plus jeunes enfants, qui ont encore du mal \u00e0 mettre des mots sur leurs \u00e9motions, le dessin et la peinture constituent un tr\u00e8s bon moyen d&rsquo;exprimer leurs sentiments. Dessiner les aide \u00e0 transmettre leurs \u00e9motions et \u00e0 prendre conscience de leurs capacit\u00e9s d&rsquo;expression. Par la concentration que demande la pratique du dessin dans un cours, c&rsquo;est \u00e9galement une activit\u00e9 b\u00e9n\u00e9fique pour les enfants agit\u00e9s ou qui ont du mal \u00e0 se concentrer. Ces cours sont propos\u00e9s \u00e0 Brindas le mardi de 17h30 \u00e0 18h45 (cours 6-10 ans). \u00e0 Brindas avec la MJC le lundi de 17h30 \u00e0 18h45 (cours BD\/manga 7-14 ans). Les cours pour les enfants Ces cours permettent aux enfants qui aiment dessiner de se perfectionner en apprenant les techniques de base du dessin sur des th\u00e8mes vari\u00e9s : personnages, paysages, animaux&#8230; Ceux qui le souhaitent peuvent \u00e9galement aborder des sujets plus sp\u00e9cifiques comme le portrait, l&rsquo;aquarelle, le dessin de manga ou la r\u00e9alisation de bandes dessin\u00e9es. Les th\u00e8mes sont propos\u00e9s \u00e0 chaque cours, mais les enfants peuvent \u00e9galement travailler sur des dessins personnels quand ils le souhaitent. A un \u00e2ge o\u00f9 ils commencent \u00e0 se confronter au monde et \u00e0 se comparer aux autres, l&rsquo;acquisition de techniques en dessin aide les enfants \u00e0 trouver une voie dans laquelle ils se diff\u00e9rencient et leur apporte des connaissances qui les aident \u00e0 prendre confiance en eux, en leurs capacit\u00e9s de cr\u00e9ation et de r\u00e9alisation de projets. Cette pratique peut les amener \u00e0 \u00eatre plus s\u00fbrs d&rsquo;eux dans leurs rapports avec les autres. Ces cours sont propos\u00e9s \u00e0 Messimy le mercredi de 15h15 \u00e0 16h45 (cours 9-12 ans) \u00e0 Brindas le mardi de 17h30 \u00e0 18h45 (cours 6-10 ans ) ou mercredi de 17h30 \u00e0 19h (\u00e0 partir de 11 ans). \u00e0 Brindas avec la MJC le lundi de 17h30 \u00e0 18h45 (cours BD\/manga 7-14 ans). Les cours pour les ados (+ 11 ans) Ces cours permettent une approche plus compl\u00e8te du dessin et de la peinture : apprentissage de diff\u00e9rentes techniques (fusain, pastel, aquarelle, encres&#8230;) et acquisition de bases solides en dessin. Une plus grande libert\u00e9 est laiss\u00e9e aux \u00e9l\u00e8ves dans le choix de leurs techniques et de leurs sujets, afin de les guider dans la r\u00e9alisation de leurs projets personnels (BD, portrait, illustration&#8230;). Les \u00e9l\u00e8ves qui le souhaitent peuvent \u00e9galement travailler pour la constitution d&rsquo;un dossier en vue de l&rsquo;admission dans une \u00e9cole d&rsquo;art. Les ados \u00e0 partir de 14 ans ont \u00e9galement la possibilit\u00e9 de rejoindre un atelier adultes\/ados (vendredi soir \u00e0 Messimy ou samedi matin \u00e0 Brindas). Ces cours sont propos\u00e9s \u00e0 Messimy le vendredi de 17h30 \u00e0 19h (\u00e0 partir de 12 ans). \u00e0 Brindas le mercredi de 17h30 \u00e0 19h (\u00e0 partir de 11 ans). \u00e0 Brindas avec la MJC le lundi de 17h30 \u00e0 18h45 (cours BD\/manga 7-14 ans) ou le lundi de 19h \u00e0 20h15 (cours BD\/illustration \u00e0 partir de 14 ans). L&rsquo;atelier BD\/manga (7-14 ans) Ouvert \u00e0 tous les amateurs de bande dessin\u00e9e et de manga \u00e0 partir de 7 ans, cet atelier permet de d\u00e9couvrir comment dessiner des personnages, des expressions et des d\u00e9cors en utilisant diff\u00e9rentes techniques (feutres, aquarelle, crayons de couleur&#8230;). Pour les plus grands, l&rsquo;accent est mis sur le dessin et sur la construction des images : comment raconter une histoire, mettre en valeur une action ou un personnage. Ceux qui le souhaitent peuvent \u00e9galement travailler sur un sc\u00e9nario et un story-board afin d&rsquo;aboutir \u00e0 la r\u00e9alisation d&rsquo;une ou plusieurs planches.\u00a0 Cet atelier \u00e9tant ouvert aux petits (\u00e0 partir de 7 ans) comme aux ados, je m&rsquo;adapte \u00e0 l&rsquo;\u00e2ge des participants et \u00e0 leur niveau en dessin pour proposer des th\u00e8mes qui les aident \u00e0 progresser en douceur tout en prenant plaisir \u00e0 dessiner. Ces cours sont propos\u00e9s par la MJC de Brindas le lundi de 17h30 \u00e0 18h45.<\/p>\n","protected":false},"author":1,"featured_media":0,"parent":0,"menu_order":0,"comment_status":"closed","ping_status":"closed","template":"","meta":{"_uag_custom_page_level_css":"","footnotes":""},"class_list":["post-38","page","type-page","status-publish","hentry"],"uagb_featured_image_src":{"full":false,"thumbnail":false,"medium":false,"medium_large":false,"large":false,"1536x1536":false,"2048x2048":false,"ashe-slider-full-thumbnail":false,"ashe-full-thumbnail":false,"ashe-list-thumbnail":false,"ashe-grid-thumbnail":false,"ashe-single-navigation":false},"uagb_author_info":{"display_name":"isabelle","author_link":"https:\/\/brinsdartistes.fr\/index.php\/author\/isabelle\/"},"uagb_comment_info":0,"uagb_excerpt":"Brins d&rsquo;artistes propose des ateliers toutes techniques pour les petits \u00e0 partir de 6 ans, les enfants et les ados, ainsi que des ateliers BD\/manga pour les 7-10 ans. Les cours sont organis\u00e9s autour de th\u00e8mes, parfois plut\u00f4t techniques, parfois plus cr\u00e9atifs, et adapt\u00e9s \u00e0 l&rsquo;\u00e2ge des participants. Les cours pour les petits Sur des\u2026","_links":{"self":[{"href":"https:\/\/brinsdartistes.fr\/index.php\/wp-json\/wp\/v2\/pages\/38","targetHints":{"allow":["GET"]}}],"collection":[{"href":"https:\/\/brinsdartistes.fr\/index.php\/wp-json\/wp\/v2\/pages"}],"about":[{"href":"https:\/\/brinsdartistes.fr\/index.php\/wp-json\/wp\/v2\/types\/page"}],"author":[{"embeddable":true,"href":"https:\/\/brinsdartistes.fr\/index.php\/wp-json\/wp\/v2\/users\/1"}],"replies":[{"embeddable":true,"href":"https:\/\/brinsdartistes.fr\/index.php\/wp-json\/wp\/v2\/comments?post=38"}],"version-history":[{"count":66,"href":"https:\/\/brinsdartistes.fr\/index.php\/wp-json\/wp\/v2\/pages\/38\/revisions"}],"predecessor-version":[{"id":2179,"href":"https:\/\/brinsdartistes.fr\/index.php\/wp-json\/wp\/v2\/pages\/38\/revisions\/2179"}],"wp:attachment":[{"href":"https:\/\/brinsdartistes.fr\/index.php\/wp-json\/wp\/v2\/media?parent=38"}],"curies":[{"name":"wp","href":"https:\/\/api.w.org\/{rel}","templated":true}]}}